{"id":313,"date":"2016-06-03T22:31:02","date_gmt":"2016-06-03T20:31:02","guid":{"rendered":"http:\/\/ndrorchesterakademie.de\/?page_id=313"},"modified":"2025-09-30T20:52:27","modified_gmt":"2025-09-30T18:52:27","slug":"vakanzen","status":"publish","type":"page","link":"https:\/\/ndrorchesterakademie.de\/?page_id=313","title":{"rendered":"Magazin 2021"},"content":{"rendered":"<p style=\"text-align: left;\"><span style=\"color: #000000;\">Das Magazin 2021 der Akademie des NDR Elbphilharmonie Orchesters e.V. ist erschienen!<\/span><\/p>\n<p style=\"text-align: left;\"><span style=\"color: #99cc00;\"><span style=\"color: #000000;\">Jetzt hier ansehen:<\/span> <\/span><\/p>\n<h6 style=\"text-align: left;\"><span style=\"color: #993300;\"><a style=\"color: #993300;\" href=\"https:\/\/ndrorchesterakademie.de\/wp-content\/uploads\/2021\/06\/Web_19831_EP2021_Akademie_BRO_ES.pdf\">AKADEMIE&nbsp; &nbsp;AHA<\/a><\/span><\/h6>\n<p><a href=\"https:\/\/ndrorchesterakademie.de\/wp-content\/uploads\/2014\/11\/pluecker.jpg\" data-rel=\"lightbox-image-0\" data-rl_title=\"\" data-rl_caption=\"\" title=\"\"><img loading=\"lazy\" decoding=\"async\" class=\"alignnone size-medium wp-image-337\" src=\"https:\/\/ndrorchesterakademie.de\/wp-content\/uploads\/2014\/11\/pluecker-300x300.jpg\" alt=\"pluecker\" width=\"300\" height=\"300\" srcset=\"https:\/\/ndrorchesterakademie.de\/wp-content\/uploads\/2014\/11\/pluecker-300x300.jpg 300w, https:\/\/ndrorchesterakademie.de\/wp-content\/uploads\/2014\/11\/pluecker-150x150.jpg 150w, https:\/\/ndrorchesterakademie.de\/wp-content\/uploads\/2014\/11\/pluecker.jpg 426w\" sizes=\"auto, (max-width: 300px) 100vw, 300px\" \/><\/a><\/p>\n<p>Foto: Gunter Gl\u00fccklich<\/p>\n<h6 style=\"text-align: left;\"><em><span style=\"color: #99cc00;\">&#8222;Letztendlich ist das h\u00f6chste Lob f\u00fcr unsere Arbeit jedoch, wenn sich unsere Akademisten auf Probespielen mit den bei uns erworbenen F\u00e4higkeiten&nbsp;durchsetzen.&#8220;<\/span><\/em><\/h6>\n<p style=\"text-align: left;\"><span style=\"color: #000000;\">(Jens Pl\u00fccker, Gesch\u00e4ftsf\u00fchrer der Akademie des NDR Elbphilharmonie Orchesters e.V.)<\/span><\/p>\n<p style=\"text-align: left;\"><span style=\"color: #000000;\">Und hier finden Sie die Magazine der letzten Jahre:<\/span><\/p>\n<h6><a href=\"https:\/\/ndrorchesterakademie.de\/wp-content\/uploads\/2020\/10\/Web_18801_EO1920_Akademie_BRO_K1.pdf\"><span style=\"color: #99cc00;\"><span style=\"color: #993300;\">Magazin 2020<\/span><\/span><\/a><\/h6>\n<h6><span style=\"color: #993300;\"><a style=\"color: #993300;\" href=\"https:\/\/ndrorchesterakademie.de\/wp-content\/uploads\/2019\/06\/Web_18286_EO_akademie2019_BRO_K2.pdf\"><strong>Magazin 2019<\/strong><\/a><\/span><\/h6>\n<h6 style=\"text-align: left;\"><span style=\"color: #993300;\"><a style=\"color: #993300;\" href=\"https:\/\/ndrorchesterakademie.de\/wp-content\/uploads\/2016\/06\/Magazin-der-Akademie-2018.pdf\" target=\"_blank\" rel=\"noopener noreferrer\">Magazin 2018<\/a><\/span><\/h6>\n<h6><span style=\"color: #993300;\"><a style=\"color: #993300;\" href=\"https:\/\/ndrorchesterakademie.de\/wp-content\/uploads\/2017\/01\/Magazin-der-Akademie-2017.pdf\" target=\"_blank\" rel=\"noopener noreferrer\">Magazin 2017<\/a><\/span><\/h6>\n<h6><span style=\"color: #993300;\"><a style=\"color: #993300;\" href=\"https:\/\/ndrorchesterakademie.de\/wp-content\/uploads\/2016\/06\/Web_15597_EO_1617_akademie_BRO_K1.pdf\" target=\"_blank\" rel=\"noopener noreferrer\">Magazin 2016<\/a><\/span><\/h6>\n","protected":false},"excerpt":{"rendered":"<p>Das Magazin 2021 der Akademie des NDR Elbphilharmonie Orchesters e.V. ist erschienen! Jetzt hier ansehen: AKADEMIE&nbsp; &nbsp;AHA Foto: Gunter Gl\u00fccklich &#8222;Letztendlich ist das h\u00f6chste Lob f\u00fcr unsere Arbeit jedoch, wenn sich unsere Akademisten auf Probespielen mit den bei uns erworbenen F\u00e4higkeiten&nbsp;durchsetzen.&#8220; (Jens Pl\u00fccker, Gesch\u00e4ftsf\u00fchrer der Akademie des NDR Elbphilharmonie Orchesters e.V.) Und hier finden Sie &hellip; <a href=\"https:\/\/ndrorchesterakademie.de\/?page_id=313\" class=\"more-link\"><span class=\"screen-reader-text\">Magazin 2021<\/span> weiterlesen <span class=\"meta-nav\">&rarr;<\/span><\/a><\/p>\n","protected":false},"author":4,"featured_media":0,"parent":0,"menu_order":0,"comment_status":"closed","ping_status":"closed","template":"","meta":{"footnotes":""},"class_list":["post-313","page","type-page","status-publish","hentry"],"_links":{"self":[{"href":"https:\/\/ndrorchesterakademie.de\/index.php?rest_route=\/wp\/v2\/pages\/313","targetHints":{"allow":["GET"]}}],"collection":[{"href":"https:\/\/ndrorchesterakademie.de\/index.php?rest_route=\/wp\/v2\/pages"}],"about":[{"href":"https:\/\/ndrorchesterakademie.de\/index.php?rest_route=\/wp\/v2\/types\/page"}],"author":[{"embeddable":true,"href":"https:\/\/ndrorchesterakademie.de\/index.php?rest_route=\/wp\/v2\/users\/4"}],"replies":[{"embeddable":true,"href":"https:\/\/ndrorchesterakademie.de\/index.php?rest_route=%2Fwp%2Fv2%2Fcomments&post=313"}],"version-history":[{"count":49,"href":"https:\/\/ndrorchesterakademie.de\/index.php?rest_route=\/wp\/v2\/pages\/313\/revisions"}],"predecessor-version":[{"id":2069,"href":"https:\/\/ndrorchesterakademie.de\/index.php?rest_route=\/wp\/v2\/pages\/313\/revisions\/2069"}],"wp:attachment":[{"href":"https:\/\/ndrorchesterakademie.de\/index.php?rest_route=%2Fwp%2Fv2%2Fmedia&parent=313"}],"curies":[{"name":"wp","href":"https:\/\/api.w.org\/{rel}","templated":true}]}}

<p style="text-align: left;"><span style="color: #000000;">Das Magazin 2021 der Akademie des NDR Elbphilharmonie Orchesters e.V. ist erschienen!</span></p>
<p style="text-align: left;"><span style="color: #99cc00;"><span style="color: #000000;">Jetzt hier ansehen:</span> </span></p>
<h6 style="text-align: left;"><span style="color: #993300;"><a style="color: #993300;" href="https://ndrorchesterakademie.de/wp-content/uploads/2021/06/Web_19831_EP2021_Akademie_BRO_ES.pdf">AKADEMIE&nbsp; &nbsp;AHA</a></span></h6>
<p><a href="https://ndrorchesterakademie.de/wp-content/uploads/2014/11/pluecker.jpg" data-rel="lightbox-image-0" data-rl_title="" data-rl_caption="" title=""><img loading="lazy" decoding="async" class="alignnone size-medium wp-image-337" src="https://ndrorchesterakademie.de/wp-content/uploads/2014/11/pluecker-300x300.jpg" alt="pluecker" width="300" height="300" srcset="https://ndrorchesterakademie.de/wp-content/uploads/2014/11/pluecker-300x300.jpg 300w, https://ndrorchesterakademie.de/wp-content/uploads/2014/11/pluecker-150x150.jpg 150w, https://ndrorchesterakademie.de/wp-content/uploads/2014/11/pluecker.jpg 426w" sizes="auto, (max-width: 300px) 100vw, 300px" /></a></p>
<p>Foto: Gunter Glücklich</p>
<h6 style="text-align: left;"><em><span style="color: #99cc00;">&#8222;Letztendlich ist das höchste Lob für unsere Arbeit jedoch, wenn sich unsere Akademisten auf Probespielen mit den bei uns erworbenen Fähigkeiten&nbsp;durchsetzen.&#8220;</span></em></h6>
<p style="text-align: left;"><span style="color: #000000;">(Jens Plücker, Geschäftsführer der Akademie des NDR Elbphilharmonie Orchesters e.V.)</span></p>
<p style="text-align: left;"><span style="color: #000000;">Und hier finden Sie die Magazine der letzten Jahre:</span></p>
<h6><a href="https://ndrorchesterakademie.de/wp-content/uploads/2020/10/Web_18801_EO1920_Akademie_BRO_K1.pdf"><span style="color: #99cc00;"><span style="color: #993300;">Magazin 2020</span></span></a></h6>
<h6><span style="color: #993300;"><a style="color: #993300;" href="https://ndrorchesterakademie.de/wp-content/uploads/2019/06/Web_18286_EO_akademie2019_BRO_K2.pdf"><strong>Magazin 2019</strong></a></span></h6>
<h6 style="text-align: left;"><span style="color: #993300;"><a style="color: #993300;" href="https://ndrorchesterakademie.de/wp-content/uploads/2016/06/Magazin-der-Akademie-2018.pdf" target="_blank" rel="noopener noreferrer">Magazin 2018</a></span></h6>
<h6><span style="color: #993300;"><a style="color: #993300;" href="https://ndrorchesterakademie.de/wp-content/uploads/2017/01/Magazin-der-Akademie-2017.pdf" target="_blank" rel="noopener noreferrer">Magazin 2017</a></span></h6>
<h6><span style="color: #993300;"><a style="color: #993300;" href="https://ndrorchesterakademie.de/wp-content/uploads/2016/06/Web_15597_EO_1617_akademie_BRO_K1.pdf" target="_blank" rel="noopener noreferrer">Magazin 2016</a></span></h6>

<p>Das Magazin 2021 der Akademie des NDR Elbphilharmonie Orchesters e.V. ist erschienen! Jetzt hier ansehen: AKADEMIE&nbsp; &nbsp;AHA Foto: Gunter Glücklich &#8222;Letztendlich ist das höchste Lob für unsere Arbeit jedoch, wenn sich unsere Akademisten auf Probespielen mit den bei uns erworbenen Fähigkeiten&nbsp;durchsetzen.&#8220; (Jens Plücker, Geschäftsführer der Akademie des NDR Elbphilharmonie Orchesters e.V.) Und hier finden Sie &hellip; <a href="https://ndrorchesterakademie.de/?page_id=313" class="more-link"><span class="screen-reader-text">Magazin 2021</span> weiterlesen <span class="meta-nav">&rarr;</span></a></p>
