{"id":1781,"date":"2022-02-16T13:41:40","date_gmt":"2022-02-16T12:41:40","guid":{"rendered":"https:\/\/ndrorchesterakademie.de\/?page_id=1781"},"modified":"2023-09-11T19:26:31","modified_gmt":"2023-09-11T17:26:31","slug":"saison-2018-2019","status":"publish","type":"page","link":"https:\/\/ndrorchesterakademie.de\/?page_id=1781","title":{"rendered":"Saison 2018\/ 2019"},"content":{"rendered":"<p><img loading=\"lazy\" decoding=\"async\" class=\"aligncenter  wp-image-1164\" src=\"https:\/\/ndrorchesterakademie.de\/wp-content\/uploads\/2018\/09\/Aka18-19-9892-300x200.jpg\" alt=\"\" width=\"602\" height=\"401\" srcset=\"https:\/\/ndrorchesterakademie.de\/wp-content\/uploads\/2018\/09\/Aka18-19-9892-300x200.jpg 300w, https:\/\/ndrorchesterakademie.de\/wp-content\/uploads\/2018\/09\/Aka18-19-9892-768x512.jpg 768w, https:\/\/ndrorchesterakademie.de\/wp-content\/uploads\/2018\/09\/Aka18-19-9892-1024x683.jpg 1024w\" sizes=\"auto, (max-width: 602px) 100vw, 602px\" \/><\/p>\n<p><strong><span style=\"color: #99cc00;\">Violine:<\/span><\/strong><\/p>\n<p>Ada Maria Schwengebecher, Haruka Sugitani, Nikolau Ratchev, Shoko Murakami<\/p>\n<p><strong><span style=\"color: #99cc00;\">Viola:<\/span><\/strong><\/p>\n<p>Jungmin Lim, Florian Hubert<\/p>\n<p><strong><span style=\"color: #99cc00;\">Violoncello:<\/span><\/strong><\/p>\n<p>Saskia Hirschinger, Shiri Tintpulver<\/p>\n<p><strong><span style=\"color: #99cc00;\">Kontrabass:<\/span><\/strong><\/p>\n<p>Daseul Kim, Bel\u00e9n Ferrer Thuillier<\/p>\n<p><strong><span style=\"color: #99cc00;\">Fl\u00f6te:<\/span><\/strong><\/p>\n<p>Patricia Ruiz Asperilla<\/p>\n<p><strong><span style=\"color: #99cc00;\">Horn:<\/span><\/strong><\/p>\n<p>Isabel Mart\u00ednez Garc\u00eda<\/p>\n","protected":false},"excerpt":{"rendered":"<p>Violine: Ada Maria Schwengebecher, Haruka Sugitani, Nikolau Ratchev, Shoko Murakami Viola: Jungmin Lim, Florian Hubert Violoncello: Saskia Hirschinger, Shiri Tintpulver Kontrabass: Daseul Kim, Bel\u00e9n Ferrer Thuillier Fl\u00f6te: Patricia Ruiz Asperilla Horn: Isabel Mart\u00ednez Garc\u00eda<\/p>\n","protected":false},"author":4,"featured_media":0,"parent":1783,"menu_order":0,"comment_status":"closed","ping_status":"closed","template":"","meta":{"footnotes":""},"class_list":["post-1781","page","type-page","status-publish","hentry"],"_links":{"self":[{"href":"https:\/\/ndrorchesterakademie.de\/index.php?rest_route=\/wp\/v2\/pages\/1781","targetHints":{"allow":["GET"]}}],"collection":[{"href":"https:\/\/ndrorchesterakademie.de\/index.php?rest_route=\/wp\/v2\/pages"}],"about":[{"href":"https:\/\/ndrorchesterakademie.de\/index.php?rest_route=\/wp\/v2\/types\/page"}],"author":[{"embeddable":true,"href":"https:\/\/ndrorchesterakademie.de\/index.php?rest_route=\/wp\/v2\/users\/4"}],"replies":[{"embeddable":true,"href":"https:\/\/ndrorchesterakademie.de\/index.php?rest_route=%2Fwp%2Fv2%2Fcomments&post=1781"}],"version-history":[{"count":3,"href":"https:\/\/ndrorchesterakademie.de\/index.php?rest_route=\/wp\/v2\/pages\/1781\/revisions"}],"predecessor-version":[{"id":1943,"href":"https:\/\/ndrorchesterakademie.de\/index.php?rest_route=\/wp\/v2\/pages\/1781\/revisions\/1943"}],"up":[{"embeddable":true,"href":"https:\/\/ndrorchesterakademie.de\/index.php?rest_route=\/wp\/v2\/pages\/1783"}],"wp:attachment":[{"href":"https:\/\/ndrorchesterakademie.de\/index.php?rest_route=%2Fwp%2Fv2%2Fmedia&parent=1781"}],"curies":[{"name":"wp","href":"https:\/\/api.w.org\/{rel}","templated":true}]}}