{"id":1694,"date":"2022-02-15T18:27:07","date_gmt":"2022-02-15T17:27:07","guid":{"rendered":"https:\/\/ndrorchesterakademie.de\/?page_id=1694"},"modified":"2025-09-30T20:38:11","modified_gmt":"2025-09-30T18:38:11","slug":"spenden","status":"publish","type":"page","link":"https:\/\/ndrorchesterakademie.de\/?page_id=1694","title":{"rendered":"Spenden"},"content":{"rendered":"<p>Helfen Sie uns, junge, begabte Musiker zu f\u00f6rdern und ihnen den Weg ins Berufsleben zu erleichtern. Ihre Spende flie\u00dft in die Ausbildung der jungen K\u00fcnstler und in die finanzielle Unterst\u00fctzung (gerade zu Zeiten von Corona), damit sie sich ganz ihrem Instrument und der Musik widmen k\u00f6nnen.<\/p>\n\n\n<figure class=\"wp-block-image size-large\"><img loading=\"lazy\" decoding=\"async\" width=\"1024\" height=\"682\" src=\"https:\/\/ndrorchesterakademie.de\/wp-content\/uploads\/2022\/02\/@marcus_krueger-57-1024x682.jpg\" alt=\"\" class=\"wp-image-1695\" srcset=\"https:\/\/ndrorchesterakademie.de\/wp-content\/uploads\/2022\/02\/@marcus_krueger-57-1024x682.jpg 1024w, https:\/\/ndrorchesterakademie.de\/wp-content\/uploads\/2022\/02\/@marcus_krueger-57-300x200.jpg 300w, https:\/\/ndrorchesterakademie.de\/wp-content\/uploads\/2022\/02\/@marcus_krueger-57-768x512.jpg 768w, https:\/\/ndrorchesterakademie.de\/wp-content\/uploads\/2022\/02\/@marcus_krueger-57-1536x1024.jpg 1536w, https:\/\/ndrorchesterakademie.de\/wp-content\/uploads\/2022\/02\/@marcus_krueger-57-2048x1365.jpg 2048w\" sizes=\"auto, (max-width: 1024px) 100vw, 1024px\" \/><figcaption>Foto: Marcus Kr\u00fcger<\/figcaption><\/figure>\n\n\n<p>Ihre Spende ist willkommen und, da wir als gemeinn\u00fctziger Verein anerkannt sind, auch steuerlich abzugsf\u00e4hig! Auf Wunsch und bei Angabe Ihrer Adresse erhalten Sie eine Spendenquittung.<\/p>\n<h6><strong>Akademie des NDR Elbphilharmonie Orchesters e.V. <\/strong><\/h6>\n<h6><strong>IBAN DE 14 2005 0550 1002 1239 49<\/strong><\/h6>\n<h6><strong>Sprechen Sie uns an!&nbsp;&nbsp;<a href=\"https:\/\/ndrorchesterakademie.de\/?page_id=6\">Kontakt<\/a><\/strong><\/h6>\n\n\n<p><\/p>\n","protected":false},"excerpt":{"rendered":"<p>Helfen Sie uns, junge, begabte Musiker zu f\u00f6rdern und ihnen den Weg ins Berufsleben zu erleichtern. Ihre Spende flie\u00dft in die Ausbildung der jungen K\u00fcnstler und in die finanzielle Unterst\u00fctzung (gerade zu Zeiten von Corona), damit sie sich ganz ihrem Instrument und der Musik widmen k\u00f6nnen. Ihre Spende ist willkommen und, da wir als gemeinn\u00fctziger &hellip; <a href=\"https:\/\/ndrorchesterakademie.de\/?page_id=1694\" class=\"more-link\"><span class=\"screen-reader-text\">Spenden<\/span> weiterlesen <span class=\"meta-nav\">&rarr;<\/span><\/a><\/p>\n","protected":false},"author":4,"featured_media":0,"parent":0,"menu_order":0,"comment_status":"closed","ping_status":"closed","template":"","meta":{"footnotes":""},"class_list":["post-1694","page","type-page","status-publish","hentry"],"_links":{"self":[{"href":"https:\/\/ndrorchesterakademie.de\/index.php?rest_route=\/wp\/v2\/pages\/1694","targetHints":{"allow":["GET"]}}],"collection":[{"href":"https:\/\/ndrorchesterakademie.de\/index.php?rest_route=\/wp\/v2\/pages"}],"about":[{"href":"https:\/\/ndrorchesterakademie.de\/index.php?rest_route=\/wp\/v2\/types\/page"}],"author":[{"embeddable":true,"href":"https:\/\/ndrorchesterakademie.de\/index.php?rest_route=\/wp\/v2\/users\/4"}],"replies":[{"embeddable":true,"href":"https:\/\/ndrorchesterakademie.de\/index.php?rest_route=%2Fwp%2Fv2%2Fcomments&post=1694"}],"version-history":[{"count":10,"href":"https:\/\/ndrorchesterakademie.de\/index.php?rest_route=\/wp\/v2\/pages\/1694\/revisions"}],"predecessor-version":[{"id":2063,"href":"https:\/\/ndrorchesterakademie.de\/index.php?rest_route=\/wp\/v2\/pages\/1694\/revisions\/2063"}],"wp:attachment":[{"href":"https:\/\/ndrorchesterakademie.de\/index.php?rest_route=%2Fwp%2Fv2%2Fmedia&parent=1694"}],"curies":[{"name":"wp","href":"https:\/\/api.w.org\/{rel}","templated":true}]}}